onvert -14504 (base 10) to base 16.
-38a8
Convert 11155 (base 12) to base 15.
6ab8
Convert -439 (base 10) to base 13.
-27a
12ca (base 15) to base 9
5451
What is 211212 (base 3) in base 12?
435
What is -255 (base 13) in base 4?
-12120
-44a (base 12) to base 13
-39a
-110111010 (base 2) to base 10
-442
-57c (base 15) to base 2
-10011011010
101001101100010 (base 2) to base 16
5362
Convert 1201524 (base 6) to base 3.
10011220021
-3177 (base 8) to base 5
-23123
Convert 131100 (base 4) to base 8.
3520
What is -d60 (base 14) in base 2?
-101001001000
Convert 1506 (base 13) to base 11.
2321
What is 72d (base 15) in base 10?
1618
888 (base 10) to base 7
2406
Convert 271 (base 8) to base 2.
10111001
222 (base 6) to base 7
152
What is -6e41 (base 16) in base 13?
-cb02
-1423121 (base 5) to base 13
-10733
-1200202 (base 3) to base 10
-1235
What is 1160 (base 7) in base 10?
434
What is 21073 (base 9) in base 15?
41cc
2332342 (base 5) to base 9
64687
What is -101121201 (base 3) in base 4?
-1320331
-1322 (base 5) to base 10
-212
Convert -20100 (base 3) to base 12.
-123
-252 (base 14) to base 9
-565
What is 10101010000011010 (base 2) in base 10?
87066
What is -351 (base 10) in base 12?
-253
-4069 (base 15) to base 10
-13599
What is -1200 (base 4) in base 9?
-116
What is 1111001011 (base 2) in base 11?
803
What is -440 (base 11) in base 5?
-4103
What is -2345 (base 12) in base 15?
-127b
-7a4 (base 16) to base 2
-11110100100
Convert -52464 (base 8) to base 15.
-66e2
What is -141 (base 11) in base 5?
-1131
11 (base 12) to base 11
12
3968 (base 15) to base 8
27730
What is 3e8 (base 15) in base 7?
2414
-31423 (base 7) to base 12
-45a7
Convert -ba2 (base 16) to base 12.
-1882
What is 103050 (base 8) in base 3?
1202010000
Convert 1525 (base 7) to base 14.
315
What is -1547 (base 11) in base 13?
-b9b
What is -5615 (base 15) in base 12?
-a685
Convert 31321 (base 4) to base 15.
3e4
Convert 1101010010 (base 2) to base 16.
352
What is 1bac6 (base 13) in base 6?
1100404
2042 (base 5) to base 15
132
What is 202120220 (base 3) in base 4?
3222201
-100014 (base 5) to base 9
-4262
Convert -221121021 (base 3) to base 5.
-1044124
What is a472 (base 11) in base 10?
13873
What is 13681 (base 11) in base 7?
110463
What is 431 (base 10) in base 3?
120222
3744 (base 11) to base 2
1001100011000
Convert -3400 (base 7) to base 4.
-103021
Convert -7c3 (base 13) to base 10.
-1342
465 (base 8) to base 12
219
Convert 38252 (base 10) to base 15.
b502
Convert 101100001 (base 2) to base 11.
2a1
Convert 741 (base 9) to base 14.
312
What is 5222 (base 6) in base 16?
48e
-ee75 (base 15) to base 3
-2120021202
What is -404214 (base 5) in base 3?
-122220200
Convert -40224 (base 10) to base 14.
-10932
Convert 9a (base 13) to base 6.
331
Convert 20000220 (base 3) to base 16.
112e
Convert -230113 (base 4) to base 9.
-3804
What is -3d6 (base 16) in base 9?
-1311
What is -135065 (base 8) in base 4?
-23220311
Convert 3271 (base 9) to base 5.
34123
What is -4a044 (base 11) in base 16?
-118f2
What is -2272 (base 9) in base 8?
-3225
-1134 (base 7) to base 15
-1cc
-b490 (base 12) to base 9
-30010
-3188 (base 12) to base 6
-41052
Convert 334 (base 7) to base 16.
ac
What is -2002023 (base 4) in base 5?
-231311
What is -5785 (base 9) in base 12?
-2595
Convert 7933 (base 12) to base 2.
11010001110111
What is -403 (base 9) in base 4?
-11013
Convert 41d (base 15) to base 4.
32200
Convert -2087 (base 9) to base 16.
-601
17c (base 16) to base 8
574
What is bb72 (base 16) in base 14?
136b8
446 (base 12) to base 2
1001110110
Convert -1011011101010 (base 2) to base 3.
-22001021
What is -707 (base 13) in base 11?
-992
What is -2202 (base 3) in base 5?
-244
What is -1336 (base 7) in base 5?
-4032
What is 1b4 (base 13) in base 5?
2231
1534 (base 11) to base 9
2632
Convert 378 (base 9) to base 4.
10322
Convert -243 (base 5) to base 10.
-73
-9c (base 16) to base 10
-156
-151450 (base 6) to base 4
-3210312
What is 2a05 (base 11) in base 15?
1237
Convert 9676 (base 16) to base 14.
10074
-343 (base 7) to base 16
-b2
13113 (base 4) to base 14
259
Convert -2342 (base 7) to base 9.
-1158
What is 13358 (base 9) in base 12?
5298
What is 220131 (base 6) in base 16?
4717
Convert 2002 (base 12) to base 8.
6602
Convert 9a2 (base 11) to base 5.
14301
-1002222010 (base 3) to base 4
-11111112
Convert 201202 (base 3) to base 7.
1361
What is -1580 (base 9) in base 16?
-4b6
Convert 188 (base 15) to base 8.
541
Convert -7d (base 15) to base 14.
-86
Convert 4404 (base 8) to base 5.
33213
-101564 (base 7) to base 14
-64db
What is -649 (base 16) in base 2?
-11001001001
-301211 (base 4) to base 6
-22405
-330 (base 7) to base 2
-10101000
Convert -2220 (base 8) to base 12.
-814
What is 50576 (base 8) in base 5?
1131422
What is 132 (base 6) in base 5?
211
Convert -10224 (base 5) to base 9.
-845
Convert -3043 (base 9) to base 14.
-b50
6dc8 (base 15) to base 2
101101101000011
Convert 1011023 (base 4) to base 8.
10513
Convert -28b0 (base 12) to base 10.
-4740
What is -59c (base 16) in base 11?
-1096
-13230313 (base 4) to base 15
-952d
Convert 5614 (base 9) to base 15.
1364
What is 164461 (base 7) in base 10?
32824
What is 1d1 (base 14) in base 5?
3004
What is 1300303 (base 4) in base 2?
1110000110011
What is 53042 (base 7) in base 2?
11001100001000
Convert -1342a (base 11) to base 12.
-b0ba
-3002122 (base 4) to base 5
-344232
What is -db (base 16) in base 2?
-11011011
Convert 1110100101 (base 2) to base 11.
779
1044 (base 8) to base 13
332
What is -5257 (base 10) in base 8?
-12211
What is 111001110011 (base 2) in base 9?
5060
Convert 1a52 (base 12) to base 11.
2477
What is -10001101 (base 2) in base 8?
-215
What is -637 (base 8) in base 9?
-511
Convert -26a (base 16) to base 12.
-436
Convert -4540 (base 6) to base 16.
-42c
Convert 2006 (base 11) to base 9.
3584
What is fb0 (base 16) in base 5?
112031
Convert 110110100000000 (base 2) to base 13.
c916
-687 (base 11) to base 5
-11241
What is 21211 (base 4) in base 13?
382
What is -1102122 (base 3) in base 4?
-100103
What is -4025 (base 6) in base 7?
-2366
-1126 (base 7) to base 14
-216
What is 42046 (base 7) in base 15?
30d4
What is 111110 (base 3) in base 15?
193
What is 75442 (base 9) in base 4?
30030032
-20a05 (base 11) to base 4
-13130201
100101101 (base 2) to base 13
1a2
194 (base 16) to base 8
624
What is 10010111000 (base 2) in base 11?
9a9
-1431 (base 5) to base 16
-f1
What is 620 (base 9) in base 3?
200200
-100001100101011 (base 2) to base 5
-1022240
What is -dd (base 16) in base 4?
-3131
What is 2122120 (base 4) in base 6?
113424
Convert 4044 (base 6) to base 3.
1020001
1100011111 (base 2) to base 9
1077
Convert 1001010011 (base 2) to base 3.
211001
What is 982 (base 11) in base 7?
3303
-2a0a (base 13) to base 2
-1011111001110
-12002221 (base 3) to base 5
-104344
-57b7 (base 15) to base 10
-18622
Convert -983 (base 13) to base 4.
-121130
1032 (base 13) to base 8
4276
-110001101 (base 2) to base 7
-1105
-11001100 (base 2) to base 8
-314
What is 423 (base 5) in base 3?
11012
What is 93d (base 16) in base 13?
10cc
21220120 (base 3) to base 14
215c
Convert -220021211 (base 3) to base 15.
-53a7
3000 (base 6) to base 15
2d3
What is -2451 (base 7) in base 13?
-558
10212 (base 5) to base 10
682
10111111000 (base 2) to base 6
11024
What is -2008 (base 9) in base 12?
-a22
Convert 2284 (base 9) to base 16.
6a0
Convert 211002221 (base 3) to base 16.
3ef5
-13a (base 13) to base 14
-118
76 (base 8) to base 2
111110
What is 48 (base 15) in base 3?
2112
What is -1011012 (base 3) in base 4?
-31022
-1659 (base 13) to base 12
-1a99
Convert 10121 (base 4) to base 7.
551
What is -9ca2 (base 16) in base 9?
-61003
Convert -5447 (base 10) to base 11.
-4102
Convert 2402 (base 6) to base 5.
4303
-204002 (base 5) to base 14
-2664
Convert -2363 (base 7) to base 2.
-1101101110
-124713 (base 8) to base 5
-2342332
13122 (base 4) to base 5
3344
Convert -1152 (base 12) to base 14.
-9c2
What is 2a98 (base 16) in base 14?
3d8c
Convert 101132 (base 4) to base 8.
2136
Convert 2240 (base 6) to base 4.
20100
What is -110 (base 3) in base 11?
-11
Convert -1341 (base 7) to base 6.
-2223
What is -16251 (base 8) in base 4?
-1302221
What is 18a (base 11) in base 16?
db
-613 (base 11) to base 7
-2105
What is 2e14 (base 15) in base 11?
74a